 4 = 10*v. What is the remainder when r is divided by 12?
8
Let y = 117 + -108. Suppose 0 = -y*x - 56 + 434. Suppose c + 46 = 2*h - c, 69 = 3*h - c. What is the remainder when x is divided by h?
19
Let q = 296 - 267. Calculate the remainder when q is divided by 272/28 - 4/(-14).
9
Let b(y) = -9*y + 3. Let n be b(3). Let m = n - -28. Calculate the remainder when 9 is divided by m.
1
Suppose 99 = 26*l + 73*l. Let q(y) = 3*y. What is the remainder when q(1) is divided by l?
0
Let d be (-186)/15 + 6/(-10). Let i = d + 39. What is the remainder when 76 is divided by i?
24
Let b(z) = 3*z - 9. Let r(p) = -12*p + 37. Let g(v) = 9*b(v) + 2*r(v). What is the remainder when 65 is divided by g(8)?
14
Let c(s) = s + 17. Let t be c(-16). What is the remainder when t + 55 + 1 + -17 + 20 is divided by 22?
16
Suppose 0 = 21*n - 26*n + 475. What is the remainder when 198 is divided by n?
8
Calculate the remainder when (28/12)/(9/432) is divided by 38.
36
Suppose 2*t - q = -t + 53, -t + 3*q + 15 = 0. Let i(b) = 17*b + 1. Let h(r) = 6*r - 2. Let z be h(1). Calculate the remainder when i(z) is divided by t.
15
Suppose -4*f - 11 = 4*d + 25, -3*f + 5 = -5*d. Let l be d + (-6 - -3 - -2). Calculate the remainder when 54 is divided by ((-2)/2)/(l/95).
16
Let i = -1228 - -1235. Calculate the remainder when 1140 is divided by i.
6
Suppose 3*i + 3*h - 21 = 0, 23 = 3*i - 2*h + 6*h. Suppose 5*p = -u + 4*u - 1, 5*u - 43 = -2*p. Let b = 21 - u. What is the remainder when b is divided by i?
4
Let d(z) = 346*z - 35. What is the remainder when d(1) is divided by 104?
103
Suppose 105 = -4*g + 253. Let w(n) = -n**2 + 10*n + 17. Let y be w(7). Calculate the remainder when g is divided by (y/(-4) + 3)*-2.
11
Let z(x) = 35*x**2 - 11*x + 24. Let o be z(4). What is the remainder when 56 is divided by (-2)/6*o/(-12)?
11
Suppose 11*t = 203 + 127. What is the remainder when 124 is divided by t?
4
Let x = -2177 + 2250. Let r = 24 + -5. What is the remainder when x is divided by r?
16
Suppose 0 = 5*v - n + 85, -2*v + n - 4 = 33. Calculate the remainder when 73 is divided by (19/2)/((-8)/v).
16
Suppose -3*c - 46 = -2*g + 2*c, 3*g + 3*c - 48 = 0. Calculate the remainder when 267 is divided by g.
15
Suppose 1656 = 24*o - 15*o. What is the remainder when o is divided by 56?
16
Let n(l) = -l**3 + 19*l**2 - l + 36. Let g be n(19). Suppose 2*w - g + 9 = 0. Calculate the remainder when w is divided by 2.
0
Let q(f) = 9*f**3 + 4*f**2 - f - 5. What is the remainder when q(2) is divided by 56?
25
Let i be 4 + 0*1/4. Let l = 0 + i. Suppose -m - 3*h + 7 - 2 = 0, l*h - 20 = -4*m. Calculate the remainder when 9 is divided by m.
4
Let g(q) = -3*q + 17. Let f be g(-12). Suppose -f = -4*i - 9. Let d = 56 + -36. Calculate the remainder when d is divided by i.
9
Let q be 0 + 0 + 2 + (-49 - -1). Let o = 61 + q. What is the remainder when o is divided by 10?
5
Suppose 5*w - 4*w + b = 0, 20 = 5*w + b. Suppose -w*h = -20, 4*l - 4*h + 0*h = -20. What is the remainder when 10 + (-2 - l)/1 is divided by 6?
3
Suppose -2*j + j + 19 = 3*r, 0 = 4*j - 2*r - 34. Suppose 312*t - 316*t = -32. What is the remainder when j is divided by t?
2
Let v(b) = -b**3 - 2*b**2 + 3*b - 4. Let r = -16 - -13. Let g be v(r). Calculate the remainder when g/(-6) - (-38)/6 is divided by 3.
1
Let w(o) = -o**3 - o**2 + 2*o + 4. Let c = 12 - 14. Calculate the remainder when w(c) is divided by 3.
1
Let o = 101 + -41. Suppose 3*z + 40 = -2*z. Let p = z + o. What is the remainder when p is divided by 18?
16
Let h = -20 + 8. Let g(u) = -u + 22. What is the remainder when g(0) is divided by (-2 + 8/h)*(-27)/6?
10
Let q = -73 - -73. Suppose 2*h + 2*f = 5*f + 37, q = -5*h + 5*f + 80. Calculate the remainder when 43 is divided by h.
10
Suppose -23*u + 2552 = -15*u. Calculate the remainder when u is divided by 43.
18
Let k(s) = 3 + 3*s + 5 - 3 + s**3 + 14*s**2 - 10*s**2. Suppose 2*i = -3*a - a + 20, -2 = 3*i - 2*a. What is the remainder when k(-3) is divided by i?
1
Suppose -4*h - 34 = -214. Suppose 4*w + m - 705 = 543, 3*w + 2*m - 931 = 0. What is the remainder when w is divided by h?
43
Suppose 0 = -47*q + 51*q - 32. What is the remainder when 11 is divided by (-60)/(-16) - (-2)/q?
3
Let d(s) = 6*s + 2. Let j be d(5). Let x(o) = -o**2 - 7*o - 27. Let p be x(-6). Let m = j + p. What is the remainder when 43 is divided by m?
10
Let m = 59 + 0. Let g be m + (24/(-4))/(-3). What is the remainder when 27 is divided by g/9 + 8/36?
6
Let o(p) = -2*p. What is the remainder when 82 is divided by o(-16)?
18
Suppose -2*g + 0 = -8. Let f(x) = -8 + 8 + 3*x + g*x**2. Calculate the remainder when f(-3) is divided by 14.
13
Suppose s + 5*h = 4, -4*s - 10*h + 7*h = -67. Calculate the remainder when 872 is divided by s.
17
What is the remainder when 224 is divided by 24675/(-350)*(4/(-6) + 0)?
36
Let u(v) = -2*v**3 - 3*v**2 - v - 2. Let s be u(-2). Suppose -s*k = -3*k - 18. What is the remainder when k is divided by 11?
7
Suppose -6*o + o + 169 = 3*m, -o = 3*m - 29. Calculate the remainder when (o/(-15))/(2/(-78)) is divided by 23.
22
Suppose -u + 2 = -7. Let i = -25 - -48. What is the remainder when i is divided by u?
5
What is the remainder when (-8 + 51/6)*58 is divided by 6?
5
Suppose -3*x - d + 24 = -4*d, 11 = 2*x - d. Let z = x - 4. Calculate the remainder when (-226)/(-4 - (z - 1)) is divided by 29.
26
Let t(b) = b**3 + 10*b**2 + 16*b + 2. Calculate the remainder when 7*((-4 - -3) + 2) is divided by t(-8).
1
Let d(t) = t. Let b(f) = 16*f + 12. Let x(c) = b(c) - 12*d(c). Let g be x(-6). Let l = g + 38. Calculate the remainder when 77 is divided by l.
25
Let w(d) = 16*d**2 + 5*d + 5. Let s be w(5). Let g be s/(-14) - (-2)/(-7). Let l = g + 56. Calculate the remainder when l is divided by 9.
7
Suppose 5*l = -10, 2*c - 3*c + 44 = l. Suppose -1030 = c*b - 51*b. What is the remainder when b is divided by 52?
50
Suppose 6*t - 93 = 39. Calculate the remainder when 115 is divided by t.
5
Let p be (64 + 0/(-4) - -3)/(-1). Let y = 89 + p. Calculate the remainder when y is divided by 12.
10
Let h(b) be the third derivative of 3*b**5/20 + b**4/12 - b**3/6 - 2*b**2. Let u(f) = f**2 - 9*f + 1. Calculate the remainder when h(-2) is divided by u(10).
9
Suppose -10*q + 107 = -243. Calculate the remainder when 347 is divided by q.
32
Let v(u) = u**3 - 22*u**2 - 25*u + 54. Let x = 97 - 56. Suppose j = x - 11. Calculate the remainder when j is divided by v(23).
6
Calculate the remainder when -1 - 21*(-8 + (-34)/6) is divided by 79.
49
Let f(w) = -4*w + 14. Suppose -5*l - 3*y = -7*l + 36, -y = 5*l - 73. Calculate the remainder when f(-11) is divided by l.
13
Suppose -46 = 3*o + 257. Let u = -28 - o. Calculate the remainder when u is divided by 39.
34
Suppose -509 = -4*f + 691. Suppose 4*a = f - 52. Suppose 2*i + 2*g - 5*g = 57, -a = -2*i - 2*g. Calculate the remainder when i is divided by 16.
14
Let r be (2/(-4))/(5/(-50)). Suppose -126 = -r*d + 94. Suppose 0 = 2*p - 20 - d. What is the remainder when 94 is divided by p?
30
Suppose -15*c + 5*g - 85 = -20*c, 3*c = -5*g + 59. Suppose -5*r + 2*r = -192. What is the remainder when r is divided by c?
12
Let m be 4 - 2/(1 + 0). Suppose m*r - 2*z = 6, -r + 6*r = 4*z + 18. Calculate the remainder when 16 is divided by r.
4
Let y(k) = -k**3 + 8*k**2 + 14*k - 14. Calculate the remainder when y(7) is divided by 3.
1
Suppose 0 = 18*a - 23*a + 10. Suppose 0 = -4*r + 4*v, -r + 8 = a*r - v. What is the remainder when r is divided by (3 - 3) + (3 - 1)?
0
Let y(f) = 37*f**2 - 11*f. Calculate the remainder when y(2) is divided by 2.
0
Let c be 0/(-2) + (1 - -5). Suppose c*v = v. Suppose v = -4*q + 7*q - 45. Calculate the remainder when 102 is divided by q.
12
Suppose 3*q + q = -68. Let b = 59 + -80. Let z = q - b. Calculate the remainder when 5 is divided by z.
1
Let h = -29 + 77. Suppose -17*o + 15*o = -6. Suppose -2*c + 14 = -2*n, o*c + c = 5*n + 25. Calculate the remainder when h is divided by c.
8
Suppose 0*c - 268 = -5*n - 2*c, n = 3*c + 40. Let o = 82 + -110. Let i = n + o. What is the remainder when i is divided by 9?
6
Let b(t) = 3*t**2 - 2*t. Let a be b(6). Suppose 3*s + 3*q - a = 0, 3*q + 42 = s + 2. Calculate the remainder when s is divided by 7.
6
Let b be ((0/4)/(-2))/(-3). Suppose 0 = -b*x + 3*x. Suppose x = -5*u - 0*u + 45. What is t